digit of 9690840?
9
What is the millions digit of 1847343?
1
What is the tens digit of 428930?
3
What is the thousands digit of 239708?
9
What is the hundred thousands digit of 232267?
2
What is the tens digit of 2400631?
3
What is the tens digit of 11949214?
1
What is the units digit of 365110?
0
What is the thousands digit of 55641?
5
What is the hundreds digit of 10155931?
9
What is the ten thousands digit of 32358185?
5
What is the hundred thousands digit of 301412?
3
What is the millions digit of 4238311?
4
What is the units digit of 154763?
3
What is the millions digit of 38206572?
8
What is the ten thousands digit of 10013909?
1
What is the hundreds digit of 1548832?
8
What is the millions digit of 18176823?
8
What is the ten thousands digit of 287295?
8
What is the thousands digit of 616196?
6
What is the thousands digit of 777470?
7
What is the hundreds digit of 324634?
6
What is the ten thousands digit of 168045?
6
What is the hundred thousands digit of 4004686?
0
What is the units digit of 301777?
7
What is the units digit of 703873?
3
What is the millions digit of 2847528?
2
What is the tens digit of 1848880?
8
What is the hundred thousands digit of 732470?
7
What is the hundred thousands digit of 989438?
9
What is the thousands digit of 458848?
8
What is the millions digit of 11255459?
1
What is the units digit of 2609748?
8
What is the millions digit of 19025385?
9
What is the ten thousands digit of 260082?
6
What is the units digit of 125976?
6
What is the thousands digit of 2989571?
9
What is the hundred thousands digit of 424534?
4
What is the ten thousands digit of 503747?
0
What is the hundred thousands digit of 5199965?
1
What is the ten thousands digit of 30028255?
2
What is the thousands digit of 84906?
4
What is the thousands digit of 5725113?
5
What is the millions digit of 8235444?
8
What is the millions digit of 1136209?
1
What is the ten thousands digit of 7286697?
8
What is the thousands digit of 269176?
9
What is the ten thousands digit of 61698?
6
What is the tens digit of 771426?
2
What is the hundreds digit of 25082329?
3
What is the tens digit of 537529?
2
What is the tens digit of 885303?
0
What is the tens digit of 8428995?
9
What is the tens digit of 180071?
7
What is the ten thousands digit of 8295534?
9
What is the ten thousands digit of 744875?
4
What is the hundreds digit of 129249?
2
What is the ten thousands digit of 1331059?
3
What is the hundred thousands digit of 729789?
7
What is the ten thousands digit of 3736511?
3
What is the millions digit of 13228049?
3
What is the hundreds digit of 641378?
3
What is the tens digit of 4755305?
0
What is the ten thousands digit of 221768?
2
What is the ten thousands digit of 6406668?
0
What is the hundred thousands digit of 413414?
4
What is the tens digit of 302209?
0
What is the thousands digit of 2192061?
2
What is the ten millions digit of 11773224?
1
What is the millions digit of 4113676?
4
What is the thousands digit of 915630?
5
What is the hundreds digit of 67454?
4
What is the hundred thousands digit of 447273?
4
What is the ten thousands digit of 1012430?
1
What is the ten thousands digit of 3522909?
2
What is the millions digit of 1362711?
1
What is the hundred thousands digit of 8126902?
1
What is the ten thousands digit of 276552?
7
What is the hundreds digit of 6273216?
2
What is the thousands digit of 900057?
0
What is the ten thousands digit of 2413254?
1
What is the units digit of 6508200?
0
What is the ten thousands digit of 28163?
2
What is the thousands digit of 764705?
4
What is the thousands digit of 80534?
0
What is the thousands digit of 250224?
0
What is the units digit of 192023?
3
What is the ten thousands digit of 365532?
6
What is the thousands digit of 194005?
4
What is the hundreds digit of 25740?
7
What is the hundreds digit of 7477205?
2
What is the millions digit of 1235646?
1
What is the hundred thousands digit of 769871?
7
What is the tens digit of 26404?
0
What is the hundred thousands digit of 1161145?
1
What is the tens digit of 389269?
6
What is the thousands digit of 1017252?
7
What is the millions digit of 3721518?
3
What is the units digit of 6066851?
1
What is the thousands digit of 3903459?
3
What is the hundred thousands digit of 768525?
7
What is the tens digit of 2281576?
7
What is the thousands digit of 3491148?
1
What is the ten thousands digit of 11775863?
7
What is the hundreds digit of 4572413?
4
What is the thousands digit of 58476?
8
What is the hundreds digit of 398571?
5
What is the hundred thousands digit of 1093676?
0
What is the hundred thousands digit of 2125492?
1
What is the tens digit of 8710968?
6
What is the tens digit of 361726?
2
What is the ten thousands digit of 324441?
2
What is the thousands digit of 1364876?
4
What is the hundreds digit of 2702218?
2
What is the hundred thousands digit of 1321361?
3
What is the thousands digit of 16174405?
4
What is the ten thousands digit of 70848?
7
What is the thousands digit of 11673961?
3
What is the hundred thousands digit of 844203?
8
What is the ten thousands digit of 140030?
4
What is the units digit of 2231684?
4
What is the hundred thousands digit of 473612?
4
What is the units digit of 3460478?
8
What is the hundreds digit of 985190?
1
What is the hundreds digit of 6303570?
5
What is the hundred thousands digit of 3910354?
9
What is the thousands digit of 8642967?
2
What is the units digit of 470554?
4
What is the ten thousands digit of 2134343?
3
What is the ten thousands digit of 36616194?
1
What is the tens digit of 199842?
4
What is the ten thousands digit of 1552912?
5
What is the hundreds digit of 10567625?
6
What is the tens digit of 3472593?
9
What is the hundreds digit of 338959?
9
What is the hundreds digit of 151452?
4
What is the thousands digit of 703763?
3
What is the tens digit of 74781?
8
What is the hundreds digit of 6793665?
6
What is the hundred thousands digit of 4749527?
7
What is the tens digit of 10885680?
8
What is the units digit of 685063?
3
What is the tens digit of 206097?
9
What is the thousands digit of 4934?
4
What is the ten thousands digit of 318711?
1
What is the thousands digit of 7430203?
0
What is the ten thousands digit of 37717?
3
What is the tens digit of 128830?
3
What is the hundred thousands digit of 130949?
1
What is the units digit of 41891?
1
What is the hundreds digit of 2844768?
7
What is the thousands digit of 31429?
1
What is the hundred thousands digit of 9901721?
9
What is the hundred thousands digit of 132192?
1
What is the hundreds digit of 99409?
4
What is the thousands digit of 9572559?
2
What is the hundred thousands digit of 348135?
3
What is the units digit of 60934?
4
What is the hundreds digit of 974337?
3
What is the hundred thousands digit of 888194?
8
What is the tens digit of 425219?
1
What is the tens digit of 605699?
9
What is the units digit of 57437?
7
What is the ten thousands digit of 8914378?
1
What is the thousands digit of 7089106?
9
What is the tens digit of 193589?
8
What is the units digit of 285674?
4
What is the tens digit of 3283827?
2
What is the units digit of 37274?
4
What is the tens digit of 6214612?
1
What is the tens digit of 3138822?
2
What is the units digit of 434552?
2
What is the tens digit of 41552?
5
What is the hundreds digit of 8570246?
2
What is the hundred thousands digit of 3172898?
1
What is the tens digit of 83635?
3
What is the tens digit of 8166847?
4
What is the tens digit of 824839?
3
What is the hundreds digit of 188635?
6
What is the units digit of 71448?
8
What is the ten thousands digit of 1254129?
5
What is the tens digit of 351449?
4
What is the units digit of 337744?
4
What is the hundreds digit of 1626173?
1
What is the thousands digit of 16227221?
7
What is the thousands digit of 51342?
1
What is the tens digit of 1309472?
7
What is the millions digit of 3132265?
3
What is the thousands digit of 275427?
5
What is the tens digit of 8389784?
8
What is the tens digit of 1485662?
6
What is the ten thousands digit of 59545?
5
What is the hundreds digit of 8068467?
4
What is the units digit of 9299?
9
What is the tens digit of 892849?
4
What is the ten thousands digit of 130818?
3
What is the hundred thousands digit of 29708092?
7
Wh